
False
Is 376498687 a prime number?
False
Is 1138448683 a prime number?
True
Is 79046717 composite?
False
Is 6378989483 a composite number?
False
Is 843096647 a prime number?
True
Is 198436723 composite?
False
Is 37590371431 a composite number?
True
Is 21826740833 composite?
True
Is 147074292953 composite?
True
Is 787732409 prime?
False
Is 21533614097 a prime number?
True
Is 445978781 a prime number?
True
Is 125650983389 prime?
False
Is 9447362371 prime?
False
Is 8940670307 a composite number?
False
Is 5961127769 a prime number?
True
Is 4134093829 prime?
False
Is 9962009761 a prime number?
False
Is 46897625921 a composite number?
False
Is 2877384017 prime?
True
Is 7514620271 a composite number?
True
Is 1788494723 a prime number?
True
Is 121596331963 composite?
True
Is 3541756451 prime?
False
Is 2620074169 prime?
True
Is 403884601 prime?
False
Is 2796639029 prime?
True
Is 81361265603 a composite number?
True
Is 99144049 a composite number?
False
Is 1942525171 a composite number?
True
Is 119861783 a prime number?
False
Is 1271551153 composite?
False
Is 8056913771 prime?
False
Is 192345107 a composite number?
True
Is 851124347 prime?
False
Is 40052699 a composite number?
False
Is 1892089931 a composite number?
True
Is 55579459659 composite?
True
Is 160148640541 prime?
True
Is 49862506753 a composite number?
True
Is 15297005489 composite?
False
Is 23759818469 composite?
True
Is 104092910917 prime?
True
Is 82272819749 prime?
False
Is 14772434333 composite?
False
Is 2674275343 composite?
True
Is 40296904537 a composite number?
False
Is 638148289 composite?
False
Is 975828079 a composite number?
False
Is 20001719537 composite?
True
Is 16367564239 a prime number?
False
Is 40994570509 composite?
True
Is 235956667 composite?
False
Is 1984436497 composite?
True
Is 23308071383 composite?
True
Is 7070334977 prime?
True
Is 76085651 a composite number?
False
Is 3202095917 a composite number?
False
Is 278508547 prime?
False
Is 560749421 a prime number?
False
Is 5380052957 prime?
True
Is 25647979457 a composite number?
False
Is 1923745237 prime?
True
Is 59590919 a prime number?
True
Is 17293036543 prime?
False
Is 49087616169 a prime number?
False
Is 7405552559 composite?
False
Is 1835878241 a composite number?
True
Is 191399617 composite?
True
Is 5913226849 a prime number?
True
Is 14298434977 composite?
False
Is 1106421671 a prime number?
True
Is 33532871693 a prime number?
True
Is 874410869 composite?
True
Is 299620951 a composite number?
True
Is 186476821969 a prime number?
False
Is 64490453723 a composite number?
False
Is 495133073 composite?
False
Is 197882189 prime?
False
Is 6779138429 composite?
True
Is 1104784315 a composite number?
True
Is 87076415329 a composite number?
False
Is 18497923 a composite number?
False
Is 23423226907 a prime number?
False
Is 10485161881 a prime number?
True
Is 1731693871 prime?
True
Is 6712105133 composite?
False
Is 5800026889 a prime number?
True
Is 77628342269 a prime number?
True
Is 556158347 composite?
True
Is 39564127003 prime?
True
Is 15216904243 prime?
False
Is 18507700891 composite?
False
Is 14993338229 prime?
True
Is 5818414757 a composite number?
False
Is 28241063033 a composite number?
False
Is 75391325371 prime?
False
Is 688569803 a composite number?
False
Is 103119781 a prime number?
False
Is 11536260481 prime?
True
Is 6398962379 prime?
True
Is 2228685197 prime?
False
Is 82127163683 a composite number?
False
Is 36130214269 composite?
False
Is 1821494581 a prime number?
False
Is 52383146351 a composite number?
False
Is 9183767581 a composite number?
True
Is 738676061 a composite number?
True
Is 111816488081 prime?
True
Is 573124673 a prime number?
False
Is 42195079 composite?
False
Is 43557407137 a composite number?
False
Is 141407119643 prime?
False
Is 1772191517 a composite number?
False
Is 6246209027 composite?
False
Is 14139434051 composite?
False
Is 335625551 prime?
False
Is 925436321 prime?
False
Is 379329779 composite?
False
Is 7548023831 prime?
True
Is 8279070361 composite?
True
Is 2386705109 a prime number?
True
Is 8033979961 composite?
True
Is 2179993381 composite?
False
Is 107230646387 composite?
False
Is 80063963731 a prime number?
False
Is 64222932497 a prime number?
True
Is 1282650983 a prime number?
False
Is 2817848417 a prime number?
True
Is 387466367 prime?
False
Is 4260312137 composite?
False
Is 116010640877 a composite number?
False
Is 11562263209 prime?
False
Is 179082419 prime?
True
Is 104362351 composite?
True
Is 4528326329 a prime number?
False
Is 8630397583 a composite number?
False
Is 26054879833 composite?
False
Is 7122463729 composite?
False
Is 241320073 a composite number?
False
Is 166955693 composite?
True
Is 50898127957 prime?
False
Is 9548554787 prime?
True
Is 200706749 a prime number?
False
Is 4332028397 a composite number?
False
Is 1653177473 prime?
True
Is 908242451 prime?
True
Is 6217612679 composite?
False
Is 437653731 composite?
True
Is 34497879267 a composite number?
True
Is 267268973 a composite number?
True
Is 6267482821 a composite number?
False
Is 10384775599 prime?
False
Is 3855061897 composite?
False
Is 190588429 a composite number?
True
Is 55894697 a prime number?
True
Is 864173647 composite?
False
Is 451493557 prime?
True
Is 56753750077 a prime number?
False
Is 952041151 composite?
True
Is 175000457 a composite number?
True
Is 347303027 prime?
True
Is 8885471137 a prime number?
True
Is 212895337 prime?
False
Is 11929107829 prime?
True
Is 1642867517 a composite number?
True
Is 578940907 a composite number?
True
Is 10973559899 a prime number?
False
Is 3695278231 prime?
True
Is 13850441069 a composite number?
True
Is 566201659 prime?
False
Is 28291933889 composite?
False
Is 15525701963 prime?
True
Is 3031096807 prime?
False
Is 4110160849 a composite number?
True
Is 17030827993 composite?
True
Is 13720420577 prime?
True
Is 1051036423 a prime number?
True
Is 2657542001 prime?
True
Is 810025603 a prime number?
False
Is 4866451937 composite?
True
Is 779171669 a prime number?
True
Is 105366266177 a composite number?
False
Is 316310051 a composite number?
False
Is 4698140911 a composite number?
True
Is 697164043 a prime number?
True
Is 585578947 a prime number?
False
Is 310068223 composite?
True
Is 42120318694 a composite number?
True
Is 18602003291 a prime number?
True
Is 1399378447 a prime number?
True
Is 7228579667 prime?
False
Is 6841907903 prime?
True
Is 2414271169 a composite number?
True
Is 229285943 a composite number?
True
Is 59031171131 prime?
True
Is 2194852273 a prime number?
True
Is 195734293 prime?
False
Is 773551297 prime?
False
Is 5751824567 composite?
True
Is 15263399167 a prime number?
True
Is 6976388017 composite?
False
Is 2845189537 a prime number?
True
Is 22500986477 a prime number?
True
Is 75866839483 prime?
False
Is 2335802347 a prime number?
True
Is 6777236051 prime?
False
Is 130797402007 a composite number?
False
Is 2107010537 a composite number?
True
Is 473586329 a composite number?
False
Is 444199791077 composite?
True
Is 6232251643 a composite number?
False
Is 7224847919 prime?
True
Is 73563788867 a composite number?
False
Is 3429385919 prime?
False
Is 1446306509 a prime number?
True
Is 701338139 composite?
False
Is 508707281 a prime number?
True
Is 1174920811 composite?
True
Is 1721797211 a composite number?
False
Is 23115329621 a prime number?
False
Is 425698423 composite?
False
Is 62972980751 a composite number?
True
Is 8792549 composite?
False
Is 12786984461 a prime number?
False
Is 10409462249 composite?
True
Is 4974839599 a prime number?
True
Is 583342289 composite?
False
Is 38360206133 composite?
False
Is 29873673611 a prime number?
True
Is 36764720977 composite?
False
Is 6015622031 composite?
False
Is 774387643 a prime number?
True
Is 961023361 composite?
True
Is 252114859 composite?
False
Is 10766581109 prime?
False
Is 1872599567 a prime number?
True
Is 9226792219 a prime number?
False
Is 1962343387 a composite number?
False
Is 365015355403 a prime number?
True
Is 82356270091 a composite number?
False
Is 18072536159 a prime number?
True
Is 230346593 prime?
True
Is 75737003 prime?
False
Is 3124063817 a composite number?
True
Is 4087650989 a composite number?
False
Is 115983149 composite?
False
Is 1617960179 composite?
True
Is 219271822